{"id":642,"date":"2022-07-02T20:05:03","date_gmt":"2022-07-02T20:05:03","guid":{"rendered":"https:\/\/spornritter.com\/?page_id=642"},"modified":"2025-04-04T20:15:35","modified_gmt":"2025-04-04T20:15:35","slug":"investitur-vom-02-07-2022-in-a-krems-an-der-donau","status":"publish","type":"page","link":"https:\/\/spornritter.com\/index.php\/investitur-vom-02-07-2022-in-a-krems-an-der-donau\/","title":{"rendered":"Investitur vom 02.07.2022 in Krems an der Donau (A)"},"content":{"rendered":"\n<p><a href=\"https:\/\/spornritter.com\/wp-content\/uploads\/2022\/07\/1656792831726.jpg\"><img loading=\"lazy\" decoding=\"async\" class=\"wp-image-649 size-medium alignleft\" src=\"https:\/\/spornritter.com\/wp-content\/uploads\/2022\/07\/1656792831726-211x300.jpg\" alt=\"\" width=\"211\" height=\"300\" srcset=\"https:\/\/spornritter.com\/wp-content\/uploads\/2022\/07\/1656792831726-211x300.jpg 211w, https:\/\/spornritter.com\/wp-content\/uploads\/2022\/07\/1656792831726-720x1024.jpg 720w, https:\/\/spornritter.com\/wp-content\/uploads\/2022\/07\/1656792831726-768x1093.jpg 768w, https:\/\/spornritter.com\/wp-content\/uploads\/2022\/07\/1656792831726-1080x1536.jpg 1080w, https:\/\/spornritter.com\/wp-content\/uploads\/2022\/07\/1656792831726-1439x2048.jpg 1439w, https:\/\/spornritter.com\/wp-content\/uploads\/2022\/07\/1656792831726.jpg 1530w\" sizes=\"auto, (max-width: 211px) 100vw, 211px\" \/><\/a><\/p>\n<p>&nbsp;<\/p>\n<p>&nbsp;<\/p>\n<p>&nbsp;<\/p>\n<p>&nbsp;<\/p>\n<p>&nbsp;<\/p>\n<p>&nbsp;<\/p>\n\n\n\n<p><a href=\"https:\/\/photos.app.goo.gl\/jxwhXQFxAGMLrcqa7\">Zur Bildergalerie<\/a> ; Fotograf: Rt. Fabian Coulot, Prior Basel-Stadt (CH)<\/p>\n<p><span style=\"color: #ff0000;\">Zus\u00e4tzliche Bildergalerien<\/span><\/p>\n<p><a href=\"https:\/\/photos.google.com\/share\/AF1QipNpQjeHKfmMUU7g0PcFji-3gcdiHzhgieFIOB8__FXPH3xk3v1eWAeTgYNz67BDfw?key=ZklPYW9SVDYxakptLUlTSjI3Vzgyenl1Y1p4emVR\">Bildergalerie Teil 1<\/a> ; Fotograf: \u00d6KB Stadtverband Hollabrunn (A)<\/p>\n<p><a href=\"https:\/\/photos.google.com\/share\/AF1QipM2Q85BG5GtU2vGet4-U0VSf5vBnAX7AIpOqOlcPfTeKc1sokUfFQt1iODlB-zewA?key=cWNTMnFMQklsRGp3VlVMcUxhb0ZNeE1NUVM2UWJB\">Bildergalerie Teil 2<\/a> ; Fotograf: \u00d6KB Stadtverband Hollabrunn (A)<\/p>\n<p><a href=\"https:\/\/photos.google.com\/share\/AF1QipN94gjPY73T9NDEpnPJduT-2wezehaL7PrJ7RIfiquGNv_lG09z-sgLwgHgx5x5Bg?key=LWF4b3E1dGZ3Z09nemFVX1RXV2dSTHpEYTM0MTdR\">Bildergalerie Teil 3<\/a> ; Forograf: Frau Birgit Sakl, K\u00e4rnten (A)<\/p>\n<p><a href=\"https:\/\/www.spornritter.org\/aktuell\/\">Ausf\u00fchrlicher Artikel<\/a> auf der Homepage der Grosspriorats \u00d6sterreich<\/p>\n<p>\u00a0<\/p>\n<p>\u00a0<\/p>\n","protected":false},"excerpt":{"rendered":"<p>&nbsp; &nbsp; &nbsp; &nbsp; &nbsp; &nbsp; Zur Bildergalerie ; Fotograf: Rt. Fabian Coulot, Prior Basel-Stadt (CH) Zus\u00e4tzliche Bildergalerien Bildergalerie Teil 1 ; Fotograf: \u00d6KB Stadtverband Hollabrunn (A) Bildergalerie Teil 2 ; Fotograf: \u00d6KB Stadtverband Hollabrunn (A) Bildergalerie Teil 3 ; Forograf: Frau Birgit Sakl, K\u00e4rnten (A) Ausf\u00fchrlicher Artikel auf der Homepage der Grosspriorats \u00d6sterreich \u00a0 [&hellip;]<\/p>\n","protected":false},"author":1,"featured_media":0,"parent":0,"menu_order":0,"comment_status":"closed","ping_status":"closed","template":"","meta":{"footnotes":""},"class_list":["post-642","page","type-page","status-publish","hentry"],"_links":{"self":[{"href":"https:\/\/spornritter.com\/index.php\/wp-json\/wp\/v2\/pages\/642","targetHints":{"allow":["GET"]}}],"collection":[{"href":"https:\/\/spornritter.com\/index.php\/wp-json\/wp\/v2\/pages"}],"about":[{"href":"https:\/\/spornritter.com\/index.php\/wp-json\/wp\/v2\/types\/page"}],"author":[{"embeddable":true,"href":"https:\/\/spornritter.com\/index.php\/wp-json\/wp\/v2\/users\/1"}],"replies":[{"embeddable":true,"href":"https:\/\/spornritter.com\/index.php\/wp-json\/wp\/v2\/comments?post=642"}],"version-history":[{"count":10,"href":"https:\/\/spornritter.com\/index.php\/wp-json\/wp\/v2\/pages\/642\/revisions"}],"predecessor-version":[{"id":843,"href":"https:\/\/spornritter.com\/index.php\/wp-json\/wp\/v2\/pages\/642\/revisions\/843"}],"wp:attachment":[{"href":"https:\/\/spornritter.com\/index.php\/wp-json\/wp\/v2\/media?parent=642"}],"curies":[{"name":"wp","href":"https:\/\/api.w.org\/{rel}","templated":true}]}}