{"id":16,"date":"2018-04-06T17:10:35","date_gmt":"2018-04-06T17:10:35","guid":{"rendered":"https:\/\/spornritter.com\/?page_id=16"},"modified":"2025-06-28T13:24:41","modified_gmt":"2025-06-28T13:24:41","slug":"startseite","status":"publish","type":"page","link":"https:\/\/spornritter.com\/","title":{"rendered":"Willkommen"},"content":{"rendered":"\n<p><a href=\"https:\/\/spornritter.com\/wp-content\/uploads\/2018\/04\/Karl.jpg\"><img loading=\"lazy\" decoding=\"async\" class=\"alignleft wp-image-41\" src=\"https:\/\/spornritter.com\/wp-content\/uploads\/2018\/04\/Karl-150x150.jpg\" alt=\"\" width=\"200\" height=\"275\" srcset=\"https:\/\/spornritter.com\/wp-content\/uploads\/2018\/04\/Karl-219x300.jpg 219w, https:\/\/spornritter.com\/wp-content\/uploads\/2018\/04\/Karl.jpg 400w\" sizes=\"auto, (max-width: 200px) 100vw, 200px\" \/><\/a>Nach dem Tod seines Onkels Kaiser Franz Joseph I am 21. November 1916 wurde Karl Kaiser von \u00d6sterreich und K\u00f6nig von Ungarn.<\/p>\n<p>&nbsp;<\/p>\n<p>Die Kr\u00f6nung zum K\u00f6nig von Ungarn fand am 30. Dezember 1916 in Budapest statt.<\/p>\n<p>&nbsp;<\/p>\n<p>Unmittelbar nach der Kr\u00f6nungszeremonie wurden die vom Krieg gekennzeichneten 47 Soldaten (im Bild) zu Rittern vom goldenen Sporn geschlagen. Es sind die letzten Goldenen Spornritter, die in der K.u.K. Monarchie zum Ritter geschlagen wurden.<\/p>\n\n\n\n<h5><a href=\"https:\/\/www.coulot.info\/Coulot\/Zumkeller\/spornritter.htm\"><br \/><img loading=\"lazy\" decoding=\"async\" class=\"alignleft wp-image-43 size-full\" src=\"https:\/\/spornritter.com\/wp-content\/uploads\/2018\/04\/Spornritter_1916.jpg\" alt=\"\" width=\"1022\" height=\"608\" srcset=\"https:\/\/spornritter.com\/wp-content\/uploads\/2018\/04\/Spornritter_1916.jpg 1022w, https:\/\/spornritter.com\/wp-content\/uploads\/2018\/04\/Spornritter_1916-300x178.jpg 300w, https:\/\/spornritter.com\/wp-content\/uploads\/2018\/04\/Spornritter_1916-768x457.jpg 768w\" sizes=\"auto, (max-width: 1022px) 100vw, 1022px\" \/><\/a><\/h5>\n<p>\u00a0<\/p>\n","protected":false},"excerpt":{"rendered":"<p>Nach dem Tod seines Onkels Kaiser Franz Joseph I am 21. November 1916 wurde Karl Kaiser von \u00d6sterreich und K\u00f6nig von Ungarn. &nbsp; Die Kr\u00f6nung zum K\u00f6nig von Ungarn fand am 30. Dezember 1916 in Budapest statt. &nbsp; Unmittelbar nach der Kr\u00f6nungszeremonie wurden die vom Krieg gekennzeichneten 47 Soldaten (im Bild) zu Rittern vom goldenen [&hellip;]<\/p>\n","protected":false},"author":1,"featured_media":0,"parent":0,"menu_order":0,"comment_status":"closed","ping_status":"closed","template":"","meta":{"footnotes":""},"class_list":["post-16","page","type-page","status-publish","hentry"],"_links":{"self":[{"href":"https:\/\/spornritter.com\/index.php\/wp-json\/wp\/v2\/pages\/16","targetHints":{"allow":["GET"]}}],"collection":[{"href":"https:\/\/spornritter.com\/index.php\/wp-json\/wp\/v2\/pages"}],"about":[{"href":"https:\/\/spornritter.com\/index.php\/wp-json\/wp\/v2\/types\/page"}],"author":[{"embeddable":true,"href":"https:\/\/spornritter.com\/index.php\/wp-json\/wp\/v2\/users\/1"}],"replies":[{"embeddable":true,"href":"https:\/\/spornritter.com\/index.php\/wp-json\/wp\/v2\/comments?post=16"}],"version-history":[{"count":34,"href":"https:\/\/spornritter.com\/index.php\/wp-json\/wp\/v2\/pages\/16\/revisions"}],"predecessor-version":[{"id":954,"href":"https:\/\/spornritter.com\/index.php\/wp-json\/wp\/v2\/pages\/16\/revisions\/954"}],"wp:attachment":[{"href":"https:\/\/spornritter.com\/index.php\/wp-json\/wp\/v2\/media?parent=16"}],"curies":[{"name":"wp","href":"https:\/\/api.w.org\/{rel}","templated":true}]}}