{"id":122,"date":"2018-04-06T18:34:55","date_gmt":"2018-04-06T18:34:55","guid":{"rendered":"https:\/\/spornritter.com\/?page_id=122"},"modified":"2025-04-09T14:38:39","modified_gmt":"2025-04-09T14:38:39","slug":"links","status":"publish","type":"page","link":"https:\/\/spornritter.com\/index.php\/links\/","title":{"rendered":"links"},"content":{"rendered":"<p><a href=\"https:\/\/www.aranysarkantyus.eu\/\">Ritterorden vom Goldenen Sporn (ungarisch)<\/a><\/p>\n<p><a href=\"http:\/\/www.flameofpeace.org\">Flame des Friedens<\/a><\/p>\n<p><a href=\"https:\/\/royalconfraternityofsaintteotonio.pt\/index.html\">K\u00f6nigliche Bruderschaft des Heiligen Teotonio (P)<\/a><\/p>\n<p><a href=\"http:\/\/www.koronaorseg.hu\">Ungarische Kronwache<\/a><\/p>\n<p><a href=\"http:\/\/szentlaszlotarsasagesrend.hu\/\">Orden des Heiligen Ladislaus<\/a><\/p>\n<p><a href=\"http:\/\/www.ungarische-mission.de\">Ungarischsprachige Katholische Mission von M\u00fcnchen<\/a><\/p>\n<p><a href=\"http:\/\/www.oelrg.com\">\u00d6LRG &#8211; \u00d6sterreichische Lebens-Rettungs.Gesellschaft &#8211; Bundesverband<\/a><\/p>\n<p>\u200b<a href=\"https:\/\/www.radetzky-orden.at\/\">Radetzky Orden<\/a><\/p>\n<p><a href=\"https:\/\/sites.google.com\/site\/kameradschaftsbundhollabrunn\/\">\u00d6sterreichischer Kameradschaftsbund Stadtverband Hollabrunn (A)<\/a><\/p>\n<p><a href=\"http:\/\/www.achalmritter-reutlingen.de\/\">Achalmritterschaft Reutlingen e.V.<\/a><\/p>\n<p><a href=\"http:\/\/www.nobilitas.hu\/\">Verband Ungarischer Traditions-Familien<\/a><\/p>\n<p><a href=\"http:\/\/www.nograd-var.hu\">Burgruine in Nograd<\/a><\/p>\n<p><a href=\"http:\/\/www.szabosag.com\"><img loading=\"lazy\" decoding=\"async\" class=\"alignleft wp-image-128 size-medium\" src=\"https:\/\/spornritter.com\/wp-content\/uploads\/2018\/04\/Banner_Schneiderei-300x88.gif\" alt=\"\" width=\"300\" height=\"88\" \/><\/a><\/p>\n\n\n\n\n\n","protected":false},"excerpt":{"rendered":"<p>Ritterorden vom Goldenen Sporn (ungarisch) Flame des Friedens K\u00f6nigliche Bruderschaft des Heiligen Teotonio (P) Ungarische Kronwache Orden des Heiligen Ladislaus Ungarischsprachige Katholische Mission von M\u00fcnchen \u00d6LRG &#8211; \u00d6sterreichische Lebens-Rettungs.Gesellschaft &#8211; Bundesverband \u200bRadetzky Orden \u00d6sterreichischer Kameradschaftsbund Stadtverband Hollabrunn (A) Achalmritterschaft Reutlingen e.V. Verband Ungarischer Traditions-Familien Burgruine in Nograd<\/p>\n","protected":false},"author":1,"featured_media":0,"parent":0,"menu_order":0,"comment_status":"closed","ping_status":"closed","template":"","meta":{"footnotes":""},"class_list":["post-122","page","type-page","status-publish","hentry"],"_links":{"self":[{"href":"https:\/\/spornritter.com\/index.php\/wp-json\/wp\/v2\/pages\/122","targetHints":{"allow":["GET"]}}],"collection":[{"href":"https:\/\/spornritter.com\/index.php\/wp-json\/wp\/v2\/pages"}],"about":[{"href":"https:\/\/spornritter.com\/index.php\/wp-json\/wp\/v2\/types\/page"}],"author":[{"embeddable":true,"href":"https:\/\/spornritter.com\/index.php\/wp-json\/wp\/v2\/users\/1"}],"replies":[{"embeddable":true,"href":"https:\/\/spornritter.com\/index.php\/wp-json\/wp\/v2\/comments?post=122"}],"version-history":[{"count":15,"href":"https:\/\/spornritter.com\/index.php\/wp-json\/wp\/v2\/pages\/122\/revisions"}],"predecessor-version":[{"id":883,"href":"https:\/\/spornritter.com\/index.php\/wp-json\/wp\/v2\/pages\/122\/revisions\/883"}],"wp:attachment":[{"href":"https:\/\/spornritter.com\/index.php\/wp-json\/wp\/v2\/media?parent=122"}],"curies":[{"name":"wp","href":"https:\/\/api.w.org\/{rel}","templated":true}]}}